d(3). Suppose -x + l*x = 20. Let v(q) = 1 + 0 + 3 - q - x. Determine v(-5).
4
Let c(t) = 113 + 128 - 238 + 5*t**2 - 3*t. Determine c(2).
17
Suppose 0 = -4*w - 19 + 55. Let h be w + (-3 - (2 - 3)). Let v(c) = 1 - 6 - c - h + 0. What is v(-5)?
-7
Let i(r) = r**3 - 17 - r**2 + 17*r**3 - r - 5*r**3 - 9*r**3 - 3*r**3. Calculate i(0).
-17
Let h = -8 - -10. Let j(r) = 3 - 5*r**3 + 2*r**h + 2*r - 4 - 4*r**2 + r**2. Let n = 1 - 0. Calculate j(n).
-5
Let g(h) be the first derivative of h**4/4 + 4*h**3/3 - h**2/2 + h - 431. Determine g(3).
61
Let t(c) be the first derivative of -c**2/2 - 4*c + 94. Suppose -3*m + 0 = -5*j + 5, -2*j - 19 = 3*m. Let b be m/((-2)/2)*-1. What is t(b)?
1
Suppose 75*h - 69*h = 24. Let d(y) = 4*y - 10. Give d(h).
6
Suppose 4*k - 13 = 5*f + 38, -3*k = -5*f - 42. Let t(v) = -v + 1. What is t(k)?
-8
Let j = -318 + 320. Let a(x) = -9*x - 2. Calculate a(j).
-20
Let v(f) = -f**2 - 14 + 1 - 138*f + 146*f. Let i be v(6). Let s be (i + 2)*3 - -2. Let o(b) = -b**2 + 4*b - 4. What is o(s)?
-9
Let o(z) = z**2 - z - 8. Suppose 2*j - 28 = -2*j. Suppose -j = -2*x - 37. Let s = -15 - x. Give o(s).
-8
Let l = -52 + 53. Suppose -l = 2*r + 3. Let s(g) = 2*g - 1. Calculate s(r).
-5
Let o(h) = h + 13. Let i(u) = -2*u - 60. Let k(g) = -i(g) - 3*o(g). Determine k(8).
13
Let z(i) = -12 - 3*i + 6 + 11. Calculate z(5).
-10
Let r(x) be the second derivative of x**3/6 - 5*x**2 + 14*x + 2. What is r(-8)?
-18
Let m(h) be the third derivative of h**6/120 - h**5/12 - h**4/4 - 4*h**3/3 + 22*h**2 - 2. Let s be 1/(2/(-2))*-2. Suppose s*v + 12 = 4*v. What is m(v)?
-8
Suppose -4*m - 23 = -71. Let r(c) = m + 7*c - 4*c - 3. Calculate r(-6).
-9
Let u(r) be the second derivative of -r**3/2 + r**2/2 + r. Let d be (1 - 12/9)*(37 - 28). Determine u(d).
10
Let u(m) be the third derivative of -9*m**2 + 1/4*m**4 + 0 + 1/60*m**5 + 0*m + 1/6*m**3. Give u(-6).
1
Let n(a) be the second derivative of -a**5/20 + a**4/12 + a**3/6 - 3*a**2/2 + 120*a. Let t = 4 - 4. What is n(t)?
-3
Suppose 2*j - 12 = k - 3*j, 4*k - 4*j = 0. Let s(v) be the first derivative of 1/3*v**3 + 13 - 1/2*v**2 - 4*v. Calculate s(k).
2
Suppose -g = -2*g + 2. Let x(b) = -b**3 + 6*b**2 + 2. Let l be x(6). Let a(c) = -3*c**g + c**2 - 5 + 3*c + 3*c**l. Calculate a(-5).
5
Suppose 0 = 477*r - 482*r. Let u(k) be the third derivative of 0*k + 11*k**2 + r - 3/2*k**3 + 1/24*k**4. Determine u(5).
-4
Suppose 0 = -l - 2 + 4. Let c(i) = -2*i**2 - l - 3 - 4*i**2 + 228*i + i**3 - 235*i. What is c(7)?
-5
Let g(m) be the second derivative of m**5/20 - 11*m**4/12 - m**3/2 + 15*m**2/2 - 2*m - 18. Calculate g(11).
-18
Suppose 16*d + 32 = -16. Let n(j) = j**2 - 4. Give n(d).
5
Let x(c) be the third derivative of c**5/60 + 5*c**4/8 - 5*c**3/2 + 206*c**2. Determine x(-16).
1
Let x(k) = k**2 + 3*k + 4. Suppose 5*y = -3 + 23. Suppose 2*t + p = y*p + 16, 4*t = -p + 4. Let u be 9/(-12)*(6 - t). Calculate x(u).
4
Let i(y) = y**2 + y - 24. Let o be i(5). Let d(n) = n - 12. Give d(o).
-6
Suppose 0*x + 54 = 2*h + 2*x, 4*x = 4*h - 68. Suppose -f + h = 12. Suppose -3*s + 11 = -f. Let k(j) = j + 1. What is k(s)?
8
Let b(l) = l**2 + 6*l + 3. Let m = -9 - -12. Suppose 0 = m*w + 18. What is b(w)?
3
Let r be (-5 - 26/(-5)) + 9/5. Let l(m) = 9*m - 5 + 0*m**2 + 2*m**2 - 3*m**r. Let z be 1/1*(-1 + 7). Give l(z).
13
Let n(j) = -5*j - 19. Let z(b) = -3*b - 11. Let t(g) = 6*n(g) - 11*z(g). Give t(9).
34
Let x be 4*((-3 - -1) + 20/8). Suppose 105 = -x*k + 101. Let g(s) = 3*s**2 - 2. Determine g(k).
10
Let u(r) = -4842*r**2 - 3 + 4830*r**2 - 3*r + 7*r. What is u(2)?
-43
Let m(v) be the first derivative of 10 - 11/3*v**3 + 0*v**2 - 1/24*v**4 - 1/40*v**5 + 0*v. Let g(b) be the third derivative of m(b). Determine g(3).
-10
Let v(k) be the third derivative of 21*k**2 - 1/3*k**3 + 0*k + 0 + 1/60*k**5 + 1/12*k**4. Give v(-3).
1
Let d = -2 + -3. Suppose 2*n = 4*w - 24, -w - 5*n - 2 = 3. Let b(h) = w*h + 3*h**2 - 2*h**2 - 4 + 2*h - 3*h. What is b(d)?
1
Let p = -85 - -83. Let k(h) = 4*h**2 - h - 9. Let n(j) = 2*j**2 - j - 4. Let m(x) = p*k(x) + 5*n(x). What is m(4)?
18
Let n(o) be the third derivative of o**7/2520 - 7*o**6/720 - o**5/60 + 43*o**4/24 + 57*o**2. Let x(c) be the third derivative of n(c). Determine x(4).
1
Let u(t) = -t**2 - t**3 + 6*t - 2*t - 4 + 7. Suppose 57*s = 26*s - 93. Calculate u(s).
9
Let k be 8/24*(-1 + 2)*27. Suppose k*a + 7*a = 21*a. Let j(g) = g**3 + g - 3. Determine j(a).
-3
Let l be 2/4 + (-25)/(-2). Let i(q) be the third derivative of -q**4/8 - q**2 + 7*q. Let m(z) = 6*z. Let x(c) = l*i(c) + 6*m(c). Give x(3).
-9
Let f(i) be the first derivative of -i**4/4 + 2*i**3 - 2*i**2 - 8*i + 416. Calculate f(4).
8
Suppose -19 = 4*b + 1. Let f(v) be the second derivative of v**3/6 + 3*v**2/2 - 19*v. Give f(b).
-2
Suppose 0 = 15*o - 10*o + 35. Let w be o/(70/12)*5. Let d(x) = -x - 9. Calculate d(w).
-3
Let j = -44 - -46. Suppose 2*w + 11 = 3*i, 2*i - i - w = 4. Let t(c) = 21*c**3 + j*c - 22*c**i + c**2 + 3 - 9 - c. What is t(0)?
-6
Let v(n) be the first derivative of -3*n**2/2 + 4*n + 290. Calculate v(11).
-29
Let l(h) = h**3 - 23*h**2 + 42*h + 2. Let b be l(21). Let m(c) be the second derivative of -5/6*c**3 - c**2 - 1/12*c**4 + b*c + 0. Give m(-6).
-8
Let n(q) = -2*q**2 - q - 1. Let m(c) = -32*c - 27. Let s(i) = -15*i - 14. Let y(o) = -6*m(o) + 13*s(o). Let f be y(-6). Determine n(f).
-7
Suppose k + 2*k = 6. Let q(g) = -g + 1. Let n(z) = 7*z - 1. Let l(t) = k*q(t) + n(t). Calculate l(1).
6
Let k = -17 + 17. Suppose 6*d - d = k. Suppose -5*z + 0 - 10 = d. Let w(l) = l**3 + 3*l**2 + 2*l. Determine w(z).
0
Let c(i) = 2*i + 11. Let v(g) = -2*g - 9. Let a(y) = -3*c(y) - 4*v(y). Suppose -2*l + 0*p - 2*p = 8, -l - 3 = 2*p. Give a(l).
-7
Suppose 5*n - 3*b = 4, -n - 6*b + 8 = -3*b. Let j(g) = -4*g**2 + 4*g - 2. Give j(n).
-10
Let n(t) = 2*t**2 - 10*t - 2. Let g = 84 - 152. Let a = -61 - g. What is n(a)?
26
Let v(i) = -i - 7. Suppose 5*s + 13 + 12 = 0, q + 2*s = -17. Give v(q).
0
Let z(j) = -10*j**2 + 5*j - 4. Let u(b) be the second derivative of -b**4/12 + b**3/6 - b**2/2 - 16*b. Let l(a) = -4*u(a) + z(a). Determine l(1).
-5
Let o(q) = -4*q**2 + 13*q - 45. Let m(g) = 7*g**2 - 27*g + 87. Let h(i) = 3*m(i) + 5*o(i). What is h(13)?
-3
Let o(f) = f**2 - 3*f. Suppose -5 = -n - 2. Let q be o(n). Let g(a) = a**2 + a - 9. What is g(q)?
-9
Let c(j) be the third derivative of 7/6*j**3 + 0 - 5/24*j**4 - 18*j**2 + 0*j - 1/60*j**5. Determine c(-5).
7
Let c be 15*((-11)/5 + 3). Let z = -12 + c. Suppose 5*n - 7 = 3*v - 21, z = 4*n + 4*v + 24. Let t(u) = -u + 4. Determine t(n).
8
Suppose 5*m = 3*m + 6. Let v(o) = -o**m + o + 1 - 2*o + 1 - 5*o + 6*o**2. Let r = 6 - 1. Determine v(r).
-3
Let o(c) = -c**2 + c + 2. Let q(r) = -2*r - 2. Let x(y) = -y - 9. Let i be x(-8). Let h be q(i). Suppose 3*w + 4 = -h*g + 2*g, 0 = 4*g + w - 8. Calculate o(g).
0
Let c be (5/(-2))/(3/(-6)). Suppose 2*i = -c - 5. Let q(g) be the first derivative of -g**2/2 - 7*g - 6. Determine q(i).
-2
Let d(u) be the third derivative of 11*u**2 + 1/24*u**4 + 0 + 0*u - 5/6*u**3. Let q be 100/26 - (-16)/104. Determine d(q).
-1
Let d(m) be the first derivative of 1/2*m**2 + 24 + 2*m + 1/4*m**4 - 1/3*m**3. Suppose 0 = -2*z + 3 + 1. Determine d(z).
8
Let p(f) = f**3 + 9*f**2 - 10*f + 6. Let m be p(-10). Let j(v) = -v + 2*v**3 - 5 + v**2 - m*v**3 + 2*v**3 + v**3. Give j(0).
-5
Let x(m) = -m**3 - 7*m**2 - 8*m - 9. Let d(t) = t**3 + 7*t**2 + 8*t + 9. Let b = 25 + -28. Let w(p) = b*x(p) - 2*d(p). What is w(-6)?
-3
Suppose -2*o = -4*q + 2, 0 = 5*q - 7*o + 3*o - 10. Let p be (-2 - (q/(-2) + -3))/1. Let j(d) = -d - 7 + 3 - 3. Give j(p).
-7
Let n(a) = -a - 1. Let t(s) = -s**3 - 13*s**2 - 18*s - 11. Let f(y) = -y + 1. Let g(h) = 5*f(h) - t(h). Let u be g(-12). Suppose 5*z = u*z. What is n(z)?
-1
Let b(v) = -12*v + 39*v**2 + 3*v + 24*v - 21 - 2*v - 38*v**2. What is b(-14)?
-7
Let r = -9 - -5. Let m(h) = 6*h + 9 - 2*h + 9 - 13 + h + h**2. Calculate m(r).
1
Let m(a) = -9*a**2 + 13*a + 9. Let t(k) = 7*k**2 - 12*k - 8. Let w(v) = 3*m(v) + 4*t(v). What is w(9)?
-5
Let c(g) = 3*g - 1. Let h = -67 + 63. Give c(h).
-13
Let m be 15/(-12)*136/(-85). Let l(x) be the second derivative of 0 + 10*x - x**3 + 7/12*x**4 - 1/20*x**5 + 3/2*x**m. What is l(6)?
3
Let o(k) be the third derivative of k**7/2520 - 7*k**6/720 + 19*k**4/24 + 